92 and 176?
88
Calculate the greatest common divisor of 90 and 198.
18
What is the highest common factor of 140 and 252?
28
Calculate the highest common divisor of 76397 and 317.
317
What is the highest common factor of 13 and 481?
13
What is the highest common factor of 36 and 37008?
36
Calculate the highest common divisor of 53 and 2279.
53
Calculate the highest common factor of 21 and 63.
21
Calculate the greatest common factor of 1008 and 18.
18
What is the greatest common divisor of 4590 and 680?
170
What is the greatest common factor of 7644 and 312?
156
What is the greatest common divisor of 1074 and 6?
6
What is the highest common divisor of 2067 and 13?
13
Calculate the highest common factor of 6 and 111.
3
Calculate the greatest common divisor of 93 and 589.
31
What is the greatest common factor of 510 and 1887?
51
Calculate the highest common factor of 546 and 312.
78
What is the greatest common divisor of 162 and 1053?
81
Calculate the highest common factor of 40165 and 290.
145
Calculate the greatest common factor of 5637 and 3.
3
Calculate the highest common divisor of 2263 and 31.
31
Calculate the greatest common divisor of 9 and 126.
9
What is the highest common factor of 36 and 8730?
18
Calculate the greatest common divisor of 33 and 132.
33
What is the highest common divisor of 192 and 12?
12
Calculate the highest common divisor of 4 and 27.
1
What is the greatest common factor of 7693 and 157?
157
What is the greatest common divisor of 60 and 390?
30
Calculate the greatest common divisor of 198 and 18.
18
Calculate the greatest common divisor of 96 and 84.
12
What is the highest common factor of 513 and 285?
57
Calculate the highest common factor of 108 and 999.
27
What is the greatest common factor of 814 and 74?
74
Calculate the greatest common divisor of 88 and 88.
88
Calculate the highest common factor of 345 and 621.
69
What is the greatest common divisor of 2 and 16?
2
Calculate the highest common divisor of 56 and 256.
8
What is the greatest common divisor of 16 and 8?
8
Calculate the greatest common divisor of 77 and 3113.
11
What is the highest common divisor of 90 and 70?
10
What is the greatest common factor of 81 and 2304?
9
Calculate the greatest common factor of 104 and 1222.
26
What is the greatest common factor of 14 and 98?
14
What is the greatest common factor of 7009 and 129?
43
What is the highest common divisor of 2025 and 25?
25
What is the highest common divisor of 688 and 304?
16
What is the greatest common divisor of 782 and 34?
34
What is the greatest common factor of 48 and 5508?
12
Calculate the highest common factor of 1 and 1.
1
Calculate the greatest common factor of 812 and 56.
28
Calculate the greatest common divisor of 77 and 1463.
77
What is the highest common factor of 25 and 345?
5
What is the greatest common factor of 294 and 105?
21
What is the greatest common divisor of 340 and 660?
20
What is the highest common factor of 102 and 8517?
51
Calculate the greatest common factor of 6561 and 18.
9
What is the greatest common divisor of 833 and 2261?
119
Calculate the highest common divisor of 190 and 5130.
190
Calculate the greatest common factor of 92 and 1196.
92
Calculate the highest common factor of 671 and 11.
11
Calculate the highest common factor of 1007 and 19.
19
Calculate the highest common divisor of 420 and 744.
12
What is the highest common divisor of 432 and 2250?
18
Calculate the greatest common divisor of 7134 and 984.
246
What is the greatest common divisor of 16 and 125680?
16
What is the highest common divisor of 400 and 40?
40
What is the greatest common divisor of 9216 and 40?
8
What is the highest common divisor of 329 and 3619?
329
What is the highest common factor of 740 and 74?
74
Calculate the highest common divisor of 7810 and 220.
110
What is the highest common divisor of 60 and 50?
10
Calculate the greatest common divisor of 16 and 12592.
16
What is the highest common divisor of 63 and 168?
21
What is the greatest common divisor of 42 and 903?
21
What is the greatest common factor of 14 and 21?
7
Calculate the greatest common divisor of 1608 and 24.
24
Calculate the highest common divisor of 315 and 33705.
315
Calculate the greatest common divisor of 352 and 288.
32
What is the highest common divisor of 3927 and 510?
51
Calculate the highest common divisor of 147 and 28.
7
What is the highest common divisor of 20700 and 18?
18
What is the highest common divisor of 140 and 500?
20
What is the greatest common divisor of 6873 and 174?
87
What is the highest common divisor of 180 and 40?
20
What is the greatest common divisor of 126 and 1281?
21
What is the highest common factor of 90 and 495?
45
What is the greatest common divisor of 230 and 1794?
46
What is the greatest common factor of 8 and 13544?
8
Calculate the greatest common divisor of 234 and 1131.
39
Calculate the greatest common factor of 615 and 4469.
41
Calculate the highest common divisor of 61761 and 357.
357
What is the greatest common factor of 253 and 99?
11
What is the highest common divisor of 80 and 95?
5
What is the highest common divisor of 161 and 28?
7
Calculate the highest common factor of 3843 and 61.
61
Calculate the highest common divisor of 21504 and 126.
42
What is the greatest common divisor of 10 and 2390?
10
Calculate the greatest common factor of 19851 and 39.
39
Calculate the highest common factor of 144 and 180.
36
Calculate the greatest common divisor of 88 and 220.
44
Calculate the greatest common divisor of 8 and 7624.
8
What is the highest common divisor of 3396 and 9?
3
What is the highest common divisor of 14058 and 284?
142
What is the greatest common divisor of 944 and 826?
118
What is the greatest common factor of 549 and 792?
9
What is the highest common factor of 88 and 10648?
88
Calculate the greatest common factor of 38 and 513.
19
What is the highest common divisor of 5024 and 32?
32
What is the highest common factor of 143 and 2990?
13
Calculate the highest common divisor of 2919 and 14.
7
What is the greatest common divisor of 27 and 1?
1
What is the greatest common divisor of 108 and 246?
6
Calculate the highest common divisor of 500 and 40.
20
What is the highest common divisor of 30 and 470?
10
What is the highest common factor of 4757 and 67?
67
Calculate the highest common divisor of 33 and 407.
11
What is the greatest common factor of 119 and 51?
17
What is the greatest common factor of 37 and 481?
37
What is the highest common factor of 3060 and 10?
10
Calculate the greatest common factor of 18 and 48.
6
Calculate the greatest common divisor of 52 and 234.
26
What is the highest common divisor of 29 and 5191?
29
What is the highest common factor of 140 and 2450?
70
What is the greatest common divisor of 986 and 136?
34
Calculate the highest common divisor of 1 and 299.
1
Calculate the highest common divisor of 42 and 12.
6
Calculate the greatest common factor of 49 and 245.
49
Calculate the highest common divisor of 18506 and 76.
38
What is the greatest common factor of 9 and 279?
9
What is the greatest common factor of 13912 and 16?
8
Calculate the greatest common divisor of 164 and 41.
41
Calculate the greatest common factor of 147 and 784.
49
What is the greatest common factor of 42 and 258?
6
What is the highest common factor of 31 and 527?
31
Calculate the highest common divisor of 781 and 2840.
71
Calculate the greatest common divisor of 70 and 3690.
10
Calculate the highest common factor of 150 and 38400.
150
What is the highest common factor of 2472 and 12669?
309
Calculate the highest common divisor of 161 and 56.
7
Calculate the greatest common divisor of 2 and 56.
2
Calculate the greatest common factor of 56 and 1918.
14
What is the greatest common factor of 6708 and 624?
156
Calculate the highest common divisor of 11184 and 16.
16
Calculate the highest common factor of 1055 and 1688.
211
What is the highest common divisor of 16 and 968?
8
Calculate the highest common factor of 70 and 315.
35
What is the highest common divisor of 36 and 30?
6
Calculate the highest common divisor of 624 and 195.
39
Calculate the highest common factor of 18 and 102.
6
What is the highest common factor of 67 and 2?
1
What is the greatest common factor of 312 an